
What are the prime factors of 1608?
2, 3, 67
What are the prime factors of 1353?
3, 11, 41
List the prime factors of 8299.
43, 193
List the prime factors of 6133.
6133
List the prime factors of 934.
2, 467
List the prime factors of 8893.
8893
What are the prime factors of 1037?
17, 61
List the prime factors of 23145.
3, 5, 1543
List the prime factors of 246.
2, 3, 41
List the prime factors of 11059.
11059
List the prime factors of 979.
11, 89
What are the prime factors of 232?
2, 29
List the prime factors of 3083.
3083
What are the prime factors of 27907?
11, 43, 59
What are the prime factors of 9593?
53, 181
What are the prime factors of 35115?
3, 5, 2341
List the prime factors of 20511.
3, 43, 53
What are the prime factors of 132582?
2, 3, 19, 1163
List the prime factors of 4749.
3, 1583
List the prime factors of 48308.
2, 13, 929
List the prime factors of 50925.
3, 5, 7, 97
List the prime factors of 1054.
2, 17, 31
List the prime factors of 44520.
2, 3, 5, 7, 53
List the prime factors of 142.
2, 71
List the prime factors of 6675.
3, 5, 89
List the prime factors of 1137.
3, 379
List the prime factors of 7284.
2, 3, 607
List the prime factors of 40422.
2, 3, 6737
List the prime factors of 28129.
23, 1223
What are the prime factors of 9458?
2, 4729
What are the prime factors of 3492?
2, 3, 97
What are the prime factors of 75?
3, 5
What are the prime factors of 3830?
2, 5, 383
What are the prime factors of 1048?
2, 131
List the prime factors of 4385.
5, 877
What are the prime factors of 20049?
3, 41, 163
What are the prime factors of 98099?
263, 373
What are the prime factors of 813?
3, 271
List the prime factors of 1497.
3, 499
List the prime factors of 29102.
2, 14551
What are the prime factors of 622?
2, 311
List the prime factors of 38288.
2, 2393
What are the prime factors of 18080?
2, 5, 113
What are the prime factors of 97140?
2, 3, 5, 1619
List the prime factors of 78474.
2, 3, 11, 29, 41
What are the prime factors of 817?
19, 43
List the prime factors of 56402.
2, 28201
What are the prime factors of 4384?
2, 137
What are the prime factors of 31404?
2, 3, 2617
List the prime factors of 944.
2, 59
List the prime factors of 901.
17, 53
What are the prime factors of 22304?
2, 17, 41
List the prime factors of 534.
2, 3, 89
What are the prime factors of 4365?
3, 5, 97
What are the prime factors of 4281?
3, 1427
What are the prime factors of 94740?
2, 3, 5, 1579
What are the prime factors of 2511?
3, 31
What are the prime factors of 596?
2, 149
List the prime factors of 1234.
2, 617
List the prime factors of 3503.
31, 113
List the prime factors of 68646.
2, 3, 17, 673
What are the prime factors of 2651?
11, 241
What are the prime factors of 160?
2, 5
List the prime factors of 1514.
2, 757
What are the prime factors of 2890?
2, 5, 17
What are the prime factors of 2171?
13, 167
List the prime factors of 2598.
2, 3, 433
List the prime factors of 7424.
2, 29
List the prime factors of 12702.
2, 3, 29, 73
List the prime factors of 635.
5, 127
What are the prime factors of 423?
3, 47
List the prime factors of 559.
13, 43
List the prime factors of 99.
3, 11
What are the prime factors of 1795?
5, 359
List the prime factors of 43.
43
What are the prime factors of 1848?
2, 3, 7, 11
What are the prime factors of 7635?
3, 5, 509
What are the prime factors of 17131?
37, 463
What are the prime factors of 2018?
2, 1009
List the prime factors of 72754.
2, 11, 3307
What are the prime factors of 1592?
2, 199
What are the prime factors of 8115?
3, 5, 541
What are the prime factors of 28632?
2, 3, 1193
What are the prime factors of 1616?
2, 101
What are the prime factors of 439?
439
What are the prime factors of 104830?
2, 5, 11, 953
What are the prime factors of 1198?
2, 599
List the prime factors of 66078.
2, 3, 3671
What are the prime factors of 14335?
5, 47, 61
What are the prime factors of 7377?
3, 2459
List the prime factors of 7227.
3, 11, 73
What are the prime factors of 1483?
1483
List the prime factors of 1445.
5, 17
What are the prime factors of 5029?
47, 107
List the prime factors of 2013.
3, 11, 61
List the prime factors of 86234.
2, 43117
List the prime factors of 5332.
2, 31, 43
List the prime factors of 61608.
2, 3, 17, 151
List the prime factors of 25524.
2, 3, 709
List the prime factors of 3301.
3301
List the prime factors of 3458.
2, 7, 13, 19
What are the prime factors of 10734?
2, 3, 1789
List the prime factors of 632.
2, 79
List the prime factors of 155.
5, 31
What are the prime factors of 1236?
2, 3, 103
List the prime factors of 13706.
2, 7, 11, 89
List the prime factors of 28357.
7, 4051
What are the prime factors of 8162?
2, 7, 11, 53
What are the prime factors of 175?
5, 7
List the prime factors of 3013.
23, 131
List the prime factors of 19151.
11, 1741
What are the prime factors of 5982?
2, 3, 997
What are the prime factors of 6680?
2, 5, 167
List the prime factors of 83302.
2, 41651
What are the prime factors of 24172?
2, 6043
What are the prime factors of 4318?
2, 17, 127
What are the prime factors of 1343?
17, 79
List the prime factors of 4956.
2, 3, 7, 59
List the prime factors of 13939.
53, 263
List the prime factors of 20455.
5, 4091
What are the prime factors of 3524?
2, 881
List the prime factors of 87344.
2, 53, 103
What are the prime factors of 64951?
64951
List the prime factors of 1345.
5, 269
What are the prime factors of 33055?
5, 11, 601
What are the prime factors of 449?
449
What are the prime factors of 6477?
3, 17, 127
List the prime factors of 153035.
5, 127, 241
What are the prime factors of 1033?
1033
List the prime factors of 6842.
2, 11, 311
What are the prime factors of 765?
3, 5, 17
List the prime factors of 806.
2, 13, 31
List the prime factors of 6687.
3, 743
List the prime factors of 4999.
4999
List the prime factors of 3341.
13, 257
What are the prime factors of 1727?
11, 157
List the prime factors of 56.
2, 7
List the prime factors of 2357.
2357
List the prime factors of 1857.
3, 619
List the prime factors of 310.
2, 5, 31
List the prime factors of 9430.
2, 5, 23, 41
List the prime factors of 1850.
2, 5, 37
List the prime factors of 16433.
16433
List the prime factors of 3190.
2, 5, 11, 29
List the prime factors of 14681.
53, 277
List the prime factors of 58805.
5, 19, 619
List the prime factors of 5150.
2, 5, 103
List the prime factors of 3924.
2, 3, 109
What are the prime factors of 1455?
3, 5, 97
What are the prime factors of 3515?
5, 19, 37
List the prime factors of 1957.
19, 103
List the prime factors of 2477.
2477
What are the prime factors of 62820?
2, 3, 5, 349
List the prime factors of 50476.
2, 12619
List the prime factors of 17985.
3, 5, 11, 109
What are the prime factors of 10393?
19, 547
List the prime factors of 9276.
2, 3, 773
List the prime factors of 5050.
2, 5, 101
What are the prime factors of 232?
2, 29
What are the prime factors of 59221?
59221
What are the prime factors of 51?
3, 17
What are the prime factors of 13381?
13381
What are the prime factors of 10765?
5, 2153
What are the prime factors of 5219?
17, 307
What are the prime factors of 100910?
2, 5, 10091
List the prime factors of 358.
2, 179
What are the prime factors of 1098?
2, 3, 61
List the prime factors of 1221.
3, 11, 37
List the prime factors of 1054.
2, 17, 31
List the prime factors of 6558.
2, 3, 1093
List the prime factors of 1132.
2, 283
List the prime factors of 143.
11, 13
What are the prime factors of 142628?
2, 181, 197
What are the prime factors of 1772?
2, 443
List the prime factors of 25696.
2, 11, 73
What are the prime factors of 2264?
2, 283
List the prime factors of 1526.
2, 7, 109
What are the prime factors of 1296?
2, 3
List the prime factors of 1229.
1229
What are the prime factors of 99567?
3, 13, 23, 37
What are the prime factors of 17621?
67, 263
What are the prime factors of 2448?
2, 3, 17
List the prime factors of 7407.
3, 823
List the prime factors of 3500.
2, 5, 7
What are the prime factors of 61699?
11, 71, 79
List the prime factors of 85638.
2, 3, 7, 2039
List the prime factors of 9397.
9397
What are the prime factors of 9?
3
What are the prime factors of 134463?
3, 7, 19, 337
List the prime factors of 633.
3, 211
What are the prime factors of 3164?
2, 7, 113
List the prime factors of 260.